{"id":83,"date":"2021-02-07T19:33:31","date_gmt":"2021-02-07T18:33:31","guid":{"rendered":"http:\/\/pszczelarze-belchatow.pl\/?page_id=83"},"modified":"2023-02-09T22:30:32","modified_gmt":"2023-02-09T21:30:32","slug":"leki-2021","status":"publish","type":"page","link":"https:\/\/pszczelarze-belchatow.pl\/?page_id=83","title":{"rendered":"Leki 2023"},"content":{"rendered":"\n<p class=\"has-text-align-center\"><strong>LISTA LEK\u00d3W DO ZWALCZANIA WARROZY ZAREJESTROWANYCH W POLSCE \u2014 refundowanych przez ARiMR w 2023 roku.<\/strong><\/p>\n\n\n\n<figure class=\"wp-block-table alignwide is-style-regular\"><table><tbody><tr><td>LP<\/td><td>Nazwa leku i substancja lecznicza<\/td><td>Forma leku<\/td><td><strong>Cena jednostkowa (w z\u0142 za opakowanie)<\/strong><\/td><td>Ilo\u015b\u0107 leku na rodzin\u0119<\/td><td><strong>Warto\u015b\u0107 leczenia 1 rodziny (w z\u0142)<\/strong><\/td><\/tr><tr><td>1<\/td><td><strong>APIWAROL<\/strong> (amitraza 12,5 mg)<\/td><td>Tabletki dymne (opakowanie 25 tabl.)<\/td><td><strong><strong>58,33 netto<\/strong><br><strong>63,00 brutto<\/strong><\/strong><\/td><td>5 tabletek do odymiania<\/td><td><strong>12,60 brutto<\/strong><\/td><\/tr><tr><td>2<\/td><td><strong>APIVAR<\/strong> (amitraza 500 mg)<\/td><td>Paski do zawieszania (opakowanie 10 pask\u00f3w)<\/td><td><strong>62,96 netto 68,00 brutto<\/strong><\/td><td>2 paski<\/td><td><strong>13,60 brutto<\/strong><\/td><\/tr><tr><td>3<\/td><td><strong>BIOWAR<\/strong> (amitraza 500 mg)<\/td><td>Paski do zawieszania (opakowanie 10 pask\u00f3w)<\/td><td><strong>64,81 netto<\/strong><br><strong>70,0 brutto<\/strong><\/td><td>2 paski<\/td><td><strong>14,00 brutto<\/strong><\/td><\/tr><tr><td>4<\/td><td><strong>BAYVAROL<\/strong> (flumetryna 3,6 mg)<\/td><td>Paski do zawieszania (opakowanie 10 pask\u00f3w)<\/td><td><strong>92,59 netto<\/strong><br><strong>100,00 brutto<\/strong><\/td><td>4 paski<\/td><td><strong>20,00 brutto<\/strong><\/td><\/tr><tr><td>5<\/td><td><strong>POLYVAR YELLOW<\/strong> (flumetryna 275 mg)<\/td><td>Paski do umieszczenia w wylotku ula (opakowanie 10 pask\u00f3w)<\/td><td><strong>120,37 netto<\/strong><br><strong>130,00 brutto<\/strong><\/td><td>2 paski do umieszczenia w wylotku ula<\/td><td><strong>26,00 brutto<\/strong><\/td><\/tr><tr><td>6<\/td><td><strong>APIGUARD<\/strong> (tymol 12,5 g)<\/td><td>10 tac z \u017celem zawieraj\u0105cym tymol do odparowania<\/td><td><strong>101,85 netto<\/strong><br><strong>110,00 brutto<\/strong><\/td><td>2 razy po 1 tacy do uk\u0142adania na g\u00f3rne beleczki ramek<\/td><td><strong><strong>22,00 brutto<\/strong><\/strong><\/td><\/tr><tr><td>7<\/td><td><strong>API LIFE VAR<\/strong> (tymol 8 g olejki eteryczne) (brak pewno\u015bci dost\u0119pno\u015bci).<\/td><td>P\u0142ytki (tymol, kamfora, mentol, ol. eukaliptusowy) do odparowania (opakowanie 2 p\u0142ytki)<\/td><td><strong>15,74 netto<\/strong><br><strong>17,00 brutto<\/strong><\/td><td>4 razy po 1 p\u0142ytce do uk\u0142adania na g\u00f3rne beleczki ramek<\/td><td><strong>34,00 brutto<\/strong><\/td><\/tr><tr><td>8<\/td><td><strong>THYMOVAR<\/strong> (tymol 15 g)<\/td><td>P\u0142ytki z tymolem do odparowania (opakowanie 10 p\u0142ytek)<\/td><td><strong>94,44 netto<\/strong><br><strong>102,00 brutto<\/strong><\/td><td>2 razy po 1 p\u0142ytce na ka\u017cdy korpus ula do uk\u0142adania na g\u00f3rne beleczki ramek<\/td><td><strong>20,40 brutto<\/strong><\/td><\/tr><tr><td>9<\/td><td><strong>OXYBEE<\/strong> kwas szczawiowy olejki eteryczne, glicerol<\/td><td>P\u0142yn do polewania na pszczo\u0142y dla 22 rodzin<\/td><td><strong>175,93 netto 190,00 brutto<\/strong><\/td><td>5-6 ml na uliczk\u0119 mi\u0119dzyramkow\u0105<\/td><td>Jednorazowo w okresie bez czerwiu <strong>8,64 brutto<\/strong><\/td><\/tr><tr><td>10<\/td><td><strong>VARROMED<\/strong> (mieszanina: kwas mr\u00f3wkowy 5 mg\/ml, &nbsp; kwas szczawiowy 44 mg\/ml)<\/td><td>P\u0142yn do polewania na pszczo\u0142y (butelka plastykowa 555 ml z dozownikiem i podzia\u0142k\u0105) dla 12-37 rodzin &nbsp;<\/td><td><strong>125,00 netto<\/strong><br><strong>135,00 brutto<\/strong><\/td><td>15-45 ml na pie\u0144 w zale\u017cno\u015bci od si\u0142y rodziny 1-5 razy w roku, (\u015brednio: 30 ml 3 razy\/pie\u0144)<\/td><td>1 podanie <strong><strong>11,25 brutto<\/strong><\/strong> \u015brednio: zale\u017cnie od wielko\u015bci dawki i liczby powt\u00f3rze\u0144 \u00a0<\/td><\/tr><tr><td>11<\/td><td><strong>FORMIPROTECT<\/strong><br>68,2 g kwas mr\u00f3wkowy ( dzia\u0142a te\u017c pod zasklepem)<\/td><td>Paski do wk\u0142adania do uli<\/td><td><strong>296,30 netto<br>320,00 brutto<\/strong><\/td><td>2 paski na ul<\/td><td><strong>32,00 brutto<\/strong><\/td><\/tr><tr><td>12<\/td><td><strong>API-BIOXAL<\/strong> Kwas szczawiowy dwuwodny 62,0 mg (co odpowiada 44,2 mg kwasu szczawiowego).<\/td><td> Butelka 500 ml.<\/td><td><strong>93,52 netto<br>101,00 brutto<\/strong><\/td><td>Dawka 5 ml na ka\u017cd\u0105 uliczk\u0119 mi\u0119dzyramkow\u0105.<br>Maksymalna dawka wynosi 50 ml na ul.<\/td><td><strong>10,10 brutto<\/strong><\/td><\/tr><tr><td>13<\/td><td><strong><strong>APISTRIP<\/strong> <\/strong>(amitraza 500 mg)<\/td><td>Paski do zawieszania (opakowanie 10 pask\u00f3w)<\/td><td><strong>66,67 netto<br>72,00 brutto<\/strong><\/td><td>2 paski na ul<\/td><td><strong>14,40 brutto<\/strong><\/td><\/tr><\/tbody><\/table><\/figure>\n\n\n\n<p class=\"has-text-align-center\">&nbsp;<strong>Refundacja w ramach ARiMR dotyczy lek\u00f3w zakupionych dla pszcz\u00f3\u0142 zgodnie ze stanem na dzie\u0144 30.09.2022 roku!<\/strong><\/p>\n\n\n\n<p class=\"has-text-align-center\"><mark style=\"background-color:rgba(0, 0, 0, 0);color:#ff0000\" class=\"has-inline-color\">UWAGA! Podczas dokonywania op\u0142at u Pani Joanny prosimy o zaokr\u0105glanie ceny brutto do pe\u0142nych z\u0142ot\u00f3wek w g\u00f3r\u0119.<\/mark><\/p>\n\n\n\n<p class=\"has-text-align-center\">W\u0142a\u015bciwo\u015bci i charakterystyki lek\u00f3w wymienionych w powy\u017cszej tabeli znajdziesz w plikach pdf:<\/p>\n\n\n\n<div data-wp-interactive=\"core\/file\" class=\"wp-block-file\"><object data-wp-bind--hidden=\"!state.hasPdfPreview\" hidden class=\"wp-block-file__embed\" data=\"https:\/\/pszczelarze-belchatow.pl\/wp-content\/uploads\/2022\/03\/nowo___formicprotect_w_polsce_01_2022.pdf\" type=\"application\/pdf\" style=\"width:100%;height:600px\" aria-label=\"Osadzone z nowo___formicprotect_w_polsce_01_2022.\"><\/object><a id=\"wp-block-file--media-859f386c-a043-4c1f-8ce3-c7608524f036\" href=\"https:\/\/pszczelarze-belchatow.pl\/wp-content\/uploads\/2022\/03\/nowo___formicprotect_w_polsce_01_2022.pdf\">nowo___formicprotect_w_polsce_01_2022<\/a><a href=\"https:\/\/pszczelarze-belchatow.pl\/wp-content\/uploads\/2022\/03\/nowo___formicprotect_w_polsce_01_2022.pdf\" class=\"wp-block-file__button wp-element-button\" download aria-describedby=\"wp-block-file--media-859f386c-a043-4c1f-8ce3-c7608524f036\">Pobierz<\/a><\/div>\n\n\n\n<div data-wp-interactive=\"core\/file\" class=\"wp-block-file\"><object data-wp-bind--hidden=\"!state.hasPdfPreview\" hidden class=\"wp-block-file__embed\" data=\"https:\/\/pszczelarze-belchatow.pl\/wp-content\/uploads\/2022\/03\/vetanimal.pdf\" type=\"application\/pdf\" style=\"width:100%;height:600px\" aria-label=\"Osadzone z vetanimal.\"><\/object><a id=\"wp-block-file--media-800c1a9a-205b-4764-943b-b2147e8f7090\" href=\"https:\/\/pszczelarze-belchatow.pl\/wp-content\/uploads\/2022\/03\/vetanimal.pdf\">vetanimal<\/a><a href=\"https:\/\/pszczelarze-belchatow.pl\/wp-content\/uploads\/2022\/03\/vetanimal.pdf\" class=\"wp-block-file__button wp-element-button\" download aria-describedby=\"wp-block-file--media-800c1a9a-205b-4764-943b-b2147e8f7090\">Pobierz<\/a><\/div>\n\n\n\n<div data-wp-interactive=\"core\/file\" class=\"wp-block-file\"><object data-wp-bind--hidden=\"!state.hasPdfPreview\" hidden class=\"wp-block-file__embed\" data=\"https:\/\/pszczelarze-belchatow.pl\/wp-content\/uploads\/2022\/03\/oxybee-epar-product-information_pl.pdf\" type=\"application\/pdf\" style=\"width:100%;height:600px\" aria-label=\"Osadzone z oxybee-epar-product-information_pl.\"><\/object><a id=\"wp-block-file--media-b1f85388-db92-4b0e-9f1d-4317e963f75d\" href=\"https:\/\/pszczelarze-belchatow.pl\/wp-content\/uploads\/2022\/03\/oxybee-epar-product-information_pl.pdf\" target=\"_blank\" rel=\"noreferrer noopener\">oxybee-epar-product-information_pl<\/a><a href=\"https:\/\/pszczelarze-belchatow.pl\/wp-content\/uploads\/2022\/03\/oxybee-epar-product-information_pl.pdf\" class=\"wp-block-file__button wp-element-button\" download aria-describedby=\"wp-block-file--media-b1f85388-db92-4b0e-9f1d-4317e963f75d\">Pobierz<\/a><\/div>\n\n\n\n<div data-wp-interactive=\"core\/file\" class=\"wp-block-file\"><object data-wp-bind--hidden=\"!state.hasPdfPreview\" hidden class=\"wp-block-file__embed\" data=\"https:\/\/pszczelarze-belchatow.pl\/wp-content\/uploads\/2023\/02\/Api-Bioxal-folder.pdf\" type=\"application\/pdf\" style=\"width:100%;height:600px\" aria-label=\"Osadzone z Api-Bioxal-folder.\"><\/object><a id=\"wp-block-file--media-088e9dc9-9e64-4c30-8f3d-bad48d0b8417\" href=\"https:\/\/pszczelarze-belchatow.pl\/wp-content\/uploads\/2023\/02\/Api-Bioxal-folder.pdf\">Api-Bioxal-folder<\/a><a href=\"https:\/\/pszczelarze-belchatow.pl\/wp-content\/uploads\/2023\/02\/Api-Bioxal-folder.pdf\" class=\"wp-block-file__button wp-element-button\" download aria-describedby=\"wp-block-file--media-088e9dc9-9e64-4c30-8f3d-bad48d0b8417\">Pobierz<\/a><\/div>\n","protected":false},"excerpt":{"rendered":"<p>LISTA LEK\u00d3W DO ZWALCZANIA WARROZY ZAREJESTROWANYCH W POLSCE \u2014 refundowanych przez ARiMR w 2023 roku. LP Nazwa leku i substancja lecznicza Forma leku Cena jednostkowa (w z\u0142 za opakowanie) Ilo\u015b\u0107 leku na rodzin\u0119 Warto\u015b\u0107 leczenia 1 rodziny (w z\u0142) 1 APIWAROL (amitraza 12,5 mg) Tabletki dymne (opakowanie 25 tabl.) 58,33 netto63,00 brutto 5 tabletek do&hellip; <a class=\"more-link\" href=\"https:\/\/pszczelarze-belchatow.pl\/?page_id=83\">Czytaj dalej <span class=\"screen-reader-text\">Leki 2023<\/span><\/a><\/p>\n","protected":false},"author":1,"featured_media":0,"parent":0,"menu_order":0,"comment_status":"closed","ping_status":"closed","template":"","meta":{"footnotes":""},"class_list":["post-83","page","type-page","status-publish","hentry","entry"],"_links":{"self":[{"href":"https:\/\/pszczelarze-belchatow.pl\/index.php?rest_route=\/wp\/v2\/pages\/83","targetHints":{"allow":["GET"]}}],"collection":[{"href":"https:\/\/pszczelarze-belchatow.pl\/index.php?rest_route=\/wp\/v2\/pages"}],"about":[{"href":"https:\/\/pszczelarze-belchatow.pl\/index.php?rest_route=\/wp\/v2\/types\/page"}],"author":[{"embeddable":true,"href":"https:\/\/pszczelarze-belchatow.pl\/index.php?rest_route=\/wp\/v2\/users\/1"}],"replies":[{"embeddable":true,"href":"https:\/\/pszczelarze-belchatow.pl\/index.php?rest_route=%2Fwp%2Fv2%2Fcomments&post=83"}],"version-history":[{"count":14,"href":"https:\/\/pszczelarze-belchatow.pl\/index.php?rest_route=\/wp\/v2\/pages\/83\/revisions"}],"predecessor-version":[{"id":513,"href":"https:\/\/pszczelarze-belchatow.pl\/index.php?rest_route=\/wp\/v2\/pages\/83\/revisions\/513"}],"wp:attachment":[{"href":"https:\/\/pszczelarze-belchatow.pl\/index.php?rest_route=%2Fwp%2Fv2%2Fmedia&parent=83"}],"curies":[{"name":"wp","href":"https:\/\/api.w.org\/{rel}","templated":true}]}}